2422/f?
3
Suppose 22*y - 21*y = 3. Suppose 0 = -3*f - a + 1339, -y*a = -f + 190 + 243. What is the tens digit of f?
4
Let f = 1023 - 499. Let y be (-9 - -9)*6/24*-4. Suppose -4*c - f = -3*d - d, d + 2*c - 137 = y. What is the hundreds digit of d?
1
Suppose 5*k + 6346 = -4574. Let w = 3351 + k. What is the hundreds digit of w?
1
Let r(d) = -9*d - 2*d**2 + 25*d + 3*d**2 - 9*d + 21. Let v be -2 - (60/(-2))/(-3). What is the units digit of r(v)?
1
Suppose l = -4*c + 15127, 0*c + 15142 = l - c. What is the units digit of l?
9
Let r(m) = m**3 - 8*m**2 - 21*m + 103. Let b be r(9). What is the hundreds digit of 1568/2 + -3 + (2 - b)?
7
Suppose 4*u + 39*t - 118681 = 34*t, 5*u + 4*t - 148340 = 0. What is the tens digit of u?
6
Let u be (2/(-4))/((-27)/(-12204)). Let y = 739 + u. What is the units digit of y?
3
Let j be -53 + 58 - ((4 - 2) + 2). What is the hundreds digit of (j + (-495)/(-20))*-4*-11?
1
Let g(k) be the first derivative of k**2 + k + 11. Let s be g(1). What is the tens digit of s - (-3)/(9/192)?
6
Suppose 5*o = 2*w + 2*w - 940, o = 0. Let m = -314 - w. What is the hundreds digit of m/(-6)*(-5 + 2 - -5)?
1
Let z(i) = 452*i**2 - 59*i - 210. What is the thousands digit of z(-5)?
1
Let y(v) = 4657*v**3 - 3*v**2 + 4*v - 2. Let a be y(2). What is the units digit of 2/(-17) - a/(-170)?
9
Let c be ((-18)/18)/(1/(-5)). Suppose 5*y - 547 = -c*k + 958, 2*k + 4 = 0. What is the hundreds digit of y?
3
Let b(k) = k - 29. Let t be b(12). Let p(x) = x**3 + 20*x - 31*x + 4*x - 36 + 17*x**2. What is the units digit of p(t)?
3
Let z be (-4 + 9 - 2) + 358. Let q = -132 + z. What is the units digit of q?
9
Let m = 120522 + -80766. What is the hundreds digit of m?
7
Let w(i) = -6*i - 8*i + 934 + 13*i. What is the hundreds digit of w(0)?
9
Let x be 4/1 + 21 + 1. Suppose -x = 5*r - 11. What is the units digit of (-25)/r - (-3 - 28/(-12))?
9
Let z = 15546 + 176. What is the units digit of z?
2
Let n(s) = 10*s + 1 - 6*s**3 + 1 - 11*s - 6. Let r be n(3). Let a = 280 + r. What is the tens digit of a?
1
Suppose -t = -10 - 15. Suppose -t*x = -21*x + 28. What is the tens digit of x/2*4*7/(-2)?
4
What is the thousands digit of (6 + -1 + -4)/((-1)/(-12269))?
2
Suppose -4*g - 4*t + 24 = 0, -12 = -2*g - 2*t - 2*t. Let s(k) = -2*k**3 + g*k**3 - 8 + 9*k - 5*k**2 - 5*k**3. What is the tens digit of s(-9)?
3
Suppose -60 = -4*w - 0*w. Suppose -2*c + w = y - 113, 3*y + 57 = c. Let o = c - -78. What is the tens digit of o?
4
Let q(y) = y**2 + y + 16. Let a be q(-5). Let m(t) = t**3 + 3. Let c be m(-3). What is the units digit of c/a + 275/3?
1
Let w be 41/123 - -2209*1/(-3). Let z = w + 1035. What is the tens digit of z?
9
Suppose 2*p = 154 + 594. Suppose 0 = -5*n + 2*n + 5*a + p, 0 = -n + 4*a + 134. Let q = 238 - n. What is the tens digit of q?
2
Let p be 1 + -5 + ((-12)/(-3) - 2). Let y = p - -5. Suppose -2*f - 258 = -5*f + 2*r, 0 = -y*r + 9. What is the units digit of f?
8
Suppose 22*i + 16 = 24*i. Let h be (16/(0 + -2))/((-16)/i). Suppose -h*s + 4*j = -3*s - 44, -5*s + 5*j = -145. What is the units digit of s?
4
Let h be (2 + (-4)/(-4))*10/6. Let g(b) = h - 100*b + 42*b + 41*b. What is the units digit of g(-3)?
6
Let n(f) = -12*f - 15. Let v be n(9). Let c = v - -365. What is the hundreds digit of c?
2
Let w(t) = 4*t**2 - 3*t + 45. Let k be w(6). Suppose 0 = 7*l - 4*l - k. What is the units digit of (l/5 + 5)*10?
4
Let s(u) = u**3 - 4*u**2 - 5*u + 22. Let w be s(4). Suppose 6*h - h + 4 = k, 3*k = -w*h + 12. Suppose -r - k*r = -535. What is the units digit of r?
7
Suppose -30*p + 27*p + 3 = 0. Let w be 1/(p/(-6))*5. What is the hundreds digit of (w/12)/((-1)/50)?
1
Let i be 1 - (-3 - -2)*3. Suppose -i*k + 723 = -401. Suppose 0*s = -3*r - 4*s + k, 62 = r - 5*s. What is the units digit of r?
7
Let q(f) = -32*f - 7. Let i(l) = l**3 - 7*l**2 + 3*l - 3. Let h be i(7). Let o be 39/(-9) - (-24)/h. What is the units digit of q(o)?
9
Let w(t) = t. Let x be w(-5). Let i(m) be the second derivative of m**4/3 - 3*m**3/2 - 14*m**2 - 29*m + 14. What is the units digit of i(x)?
7
Let c(r) = -56*r**2 + 3*r + 1. Let v be c(-1). Suppose 0 = 3*y + 5*u + 27, -4*y = 3*u + u + 44. Let f = y - v. What is the tens digit of f?
4
Suppose t + 8 = 5*t. Let n(f) = 64*f**2 + 6*f + 3. Let g(w) = -75*w**2 - 7*w - 3. Let r(v) = 5*g(v) + 6*n(v). What is the units digit of r(t)?
1
What is the hundreds digit of 106 + 44051 + 1 + 1*(2 + -4)?
1
Let d = -90 + 95. Suppose -5 = 3*p - d. What is the tens digit of (p + 5 + -6)/(1/(-77))?
7
Suppose -42510 - 149990 = 7*f. What is the hundreds digit of f/(-30) - (-1)/3?
9
Suppose -57867 = -5*t + 2*h + 11177, 4*h - 41416 = -3*t. What is the units digit of t?
8
Suppose -2*h - 6 - 44 = 0. Let o = -27 - h. What is the units digit of ((-38)/57)/(o/123)?
1
Let i(o) = 4*o**2 + 29*o - 13. Let g be -19*(-1 - 5 - -1 - -6). What is the hundreds digit of i(g)?
8
Let m(n) be the first derivative of 5*n**3/6 - 11*n**2/2 - 12*n + 6. Let z(x) be the first derivative of m(x). What is the units digit of z(20)?
9
Suppose -3*g = -4*q + 7190, 27*q - 25*q - 3580 = 4*g. What is the units digit of q?
2
Suppose -c + 6 - 2 = 2*n, 2*c = 2*n + 8. Suppose w - c*s = 3*w - 2, 3*w = -3*s + 18. What is the tens digit of w?
1
Let x = -575 + 4862. What is the hundreds digit of x?
2
Let d(z) = z**2 + 15*z + 48. Let g be (420/(-25))/(-7)*-5. Let r be d(g). What is the tens digit of r + 100/30 + (-4)/(-6)?
1
Suppose 67*w + 18768 = 16*w. Let n = w - -747. What is the tens digit of n?
7
Let f(o) = 5*o - 3. Let s be f(3). Suppose -8*z + 82 = -54. Let k = z - s. What is the units digit of k?
5
Suppose 24*d + 24*d - 37803 = 45*d. What is the tens digit of d?
0
Suppose -4*b - 12 = -3*r, -2*b + 4*r - 16 = -4*b. Suppose -3*o + 2*o = -5*h, 3*h + o = b. Suppose -s - 57 + 273 = h. What is the hundreds digit of s?
2
What is the tens digit of (1 + 0)*102834/18?
1
Let b(q) = 13*q**2 + 15*q - 9. Let w(r) = 11 - 3 - 13*r**2 + 0 - 13*r. Let k(c) = -5*b(c) - 6*w(c). What is the hundreds digit of k(-4)?
1
Let q(p) = -7*p + 31. Let a = -2 - -5. Suppose -b - 11 = a*g - 5*g, -3*g - 3 = 0. What is the tens digit of q(b)?
2
Suppose 14 + 0 = -n - 2*m, 0 = n + 5*m + 26. Let i be -3 - (n - (-4)/2). What is the tens digit of (i/1)/(-2 - 159/(-79))?
7
Let u = -467 - -249. Let g = u + 340. What is the units digit of g?
2
Let f be (-2 - 690)/(1/(-4)). Suppose 0 = 5*k - 9*k + f. What is the units digit of k?
2
Let o be 40/(-16)*8/(-10). Let h(u) = -4*u + 23 + 0*u + 7*u + 2*u + 12*u**o + u**3. What is the tens digit of h(-11)?
8
Suppose -36*l + 42*l = 3534. Suppose 0 = 10*u - 3019 + l. What is the tens digit of u?
4
Let m be ((-13)/26)/((-4)/24). Suppose -i = m*h - 1414 - 1358, -935 = -h - 4*i. What is the units digit of h?
3
Let o = -102556 - -179865. What is the ten thousands digit of o?
7
Let l(p) be the first derivative of p**4/4 + 17*p**3/3 + 11*p**2/2 + 16*p - 61. What is the tens digit of l(-15)?
0
Suppose -2*k = -3*k + 4. Let d(c) = 5 - 57*c + k - 7. What is the units digit of d(-3)?
3
Let m = 299 + -294. Suppose -10*k + 3070 = -m*k. What is the hundreds digit of k?
6
Let w = 239 - 237. What is the tens digit of ((-900)/72)/(w/(-104)*2)?
2
Suppose 5*m - 646 - 2649 = 0. What is the units digit of 1*2*6/(-4) + m?
6
Suppose -25*m + 27*m - 3*w - 34640 = 0, w + 34632 = 2*m. What is the ten thousands digit of m?
1
Suppose 0 = 45*u - 27*u - 24*u + 31176. What is the tens digit of u?
9
Let o(m) = 2*m - 13. Let k be o(8). Suppose -k*w - 3*d + 6 = 0, 5*d = -w + 10 + 4. What is the units digit of w + 118 - (0 - -2)?
5
Suppose 19 = -r + 5*r + w, 4*r - 2*w = 22. Suppose -6*a - r = -7*a. Suppose 4*h - 177 = -5*f + a*h, -179 = -5*f + 2*h. What is the tens digit of f?
3
Let m(o) = -7*o + 9. Let z be m(-2). Suppose -z = -5*d - 3, 0 = 2*s - 4*d - 180. What is the units digit of s + (-98)/56 + (-1)/4?
6
Let b = -243 + 253. Suppose -6*i + 3*i + 2*z = -39, 0 = 5*i - 5*z - 60. What is the tens digit of 97/3 + b/i?
3
Let g = -9690 - -16162. What is the thousands digit of g?
6
Let t = 424 - 801. Let s = -25 - t. What is the units digit of s?
2
Let v be (60/(-8))/(3/(-40)*4). Suppose -1841 = -32*z + v*z. What is the hundreds digit of z?
2
Suppose 3*v + p = 2*v + 80, 0 = -2*v + p + 151. Let t be (127 - 125)*3/2. Suppose 0*b + 2*b + m - 71 = 0, t*m - v = 